{"id":179,"date":"2016-08-15T17:40:32","date_gmt":"2016-08-15T17:40:32","guid":{"rendered":"http:\/\/gtcsoluciones.com\/?page_id=179"},"modified":"2024-03-08T01:21:07","modified_gmt":"2024-03-08T01:21:07","slug":"mantenimiento-de-equipos-biomedicos","status":"publish","type":"page","link":"https:\/\/gtcsoluciones.com\/index.php\/mantenimiento-de-equipos-biomedicos\/","title":{"rendered":"MANTENIMIENTO DE EQUIPOS BIOM\u00c9DICOS"},"content":{"rendered":"<h2 style=\"text-align: center;\"><span style=\"color: #ffffff;\">Mantenimiento de equipos biom\u00e9dicos<br \/>\n<\/span><\/h2>\n<p style=\"text-align: left;\">Realizamos mantenimiento preventivo y correctivo de equipos de alto y bajo nivel de complejidad. Tenemos la experiencia de soporte t\u00e9cnico de hospitales y cl\u00ednicas del departamento. Adem\u00e1s, nuestro talento humano se encuentra altamente capacitado y registrado ante el INVIMA. Contamos con un software exclusivo para manejo de hojas de vida y control de mantenimiento de equipos, el cual permite observar las actividades realizadas y control de indicadores de gesti\u00f3n. Apoyamos, como parte de la gesti\u00f3n de mantenimiento de la dotaci\u00f3n, el programa de tecnovigilancia de la instituci\u00f3n, ofreciendo capacitaci\u00f3n y apoyo en la gesti\u00f3n de eventos adversos relacionados con dispositivos m\u00e9dicos. Realizando capacitaci\u00f3n en manejo y cuidado de equipos.<\/p>\n<h2 style=\"text-align: center;\"><span style=\"color: #ffffff;\">Mantenimiento de equipos biom\u00e9dicos<br \/>\n<\/span><\/h2>\n<p><img loading=\"lazy\" decoding=\"async\" class=\"alignnone size-medium wp-image-169\" src=\"http:\/\/gtcsoluciones.com\/wp-content\/uploads\/2016\/08\/photo-1458829549177-e9a8f3db5b14-select-300x200.jpg\" alt=\"photo-1458829549177-e9a8f3db5b14-select\" width=\"300\" height=\"200\" srcset=\"https:\/\/gtcsoluciones.com\/wp-content\/uploads\/2016\/08\/photo-1458829549177-e9a8f3db5b14-select-300x200.jpg 300w, https:\/\/gtcsoluciones.com\/wp-content\/uploads\/2016\/08\/photo-1458829549177-e9a8f3db5b14-select-768x511.jpg 768w, https:\/\/gtcsoluciones.com\/wp-content\/uploads\/2016\/08\/photo-1458829549177-e9a8f3db5b14-select-848x566.jpg 848w, https:\/\/gtcsoluciones.com\/wp-content\/uploads\/2016\/08\/photo-1458829549177-e9a8f3db5b14-select.jpg 1000w\" sizes=\"(max-width: 300px) 100vw, 300px\" \/><\/p>\n<p>&nbsp;<\/p>\n","protected":false},"excerpt":{"rendered":"<p>Mantenimiento de equipos biom\u00e9dicos Realizamos mantenimiento preventivo y correctivo de equipos de alto y bajo nivel de complejidad. Tenemos la experiencia de soporte t\u00e9cnico de hospitales y cl\u00ednicas del departamento. Adem\u00e1s, nuestro talento humano se encuentra altamente capacitado y registrado ante el INVIMA. Contamos con un software exclusivo para manejo de hojas de vida y &hellip; <\/p>\n<p class=\"link-more\"><a href=\"https:\/\/gtcsoluciones.com\/index.php\/mantenimiento-de-equipos-biomedicos\/\" class=\"more-link\">Continuar leyendo<span class=\"screen-reader-text\"> &#8220;MANTENIMIENTO DE EQUIPOS BIOM\u00c9DICOS&#8221;<\/span><\/a><\/p>\n","protected":false},"author":1,"featured_media":0,"parent":0,"menu_order":0,"comment_status":"closed","ping_status":"closed","template":"","meta":{"footnotes":""},"_links":{"self":[{"href":"https:\/\/gtcsoluciones.com\/index.php\/wp-json\/wp\/v2\/pages\/179"}],"collection":[{"href":"https:\/\/gtcsoluciones.com\/index.php\/wp-json\/wp\/v2\/pages"}],"about":[{"href":"https:\/\/gtcsoluciones.com\/index.php\/wp-json\/wp\/v2\/types\/page"}],"author":[{"embeddable":true,"href":"https:\/\/gtcsoluciones.com\/index.php\/wp-json\/wp\/v2\/users\/1"}],"replies":[{"embeddable":true,"href":"https:\/\/gtcsoluciones.com\/index.php\/wp-json\/wp\/v2\/comments?post=179"}],"version-history":[{"count":10,"href":"https:\/\/gtcsoluciones.com\/index.php\/wp-json\/wp\/v2\/pages\/179\/revisions"}],"predecessor-version":[{"id":287,"href":"https:\/\/gtcsoluciones.com\/index.php\/wp-json\/wp\/v2\/pages\/179\/revisions\/287"}],"wp:attachment":[{"href":"https:\/\/gtcsoluciones.com\/index.php\/wp-json\/wp\/v2\/media?parent=179"}],"curies":[{"name":"wp","href":"https:\/\/api.w.org\/{rel}","templated":true}]}}