{"id":107,"date":"2016-08-15T00:48:01","date_gmt":"2016-08-15T00:48:01","guid":{"rendered":"http:\/\/gtcsoluciones.com\/?page_id=107"},"modified":"2024-03-08T01:15:47","modified_gmt":"2024-03-08T01:15:47","slug":"nuestra-empresa","status":"publish","type":"page","link":"https:\/\/gtcsoluciones.com\/index.php\/nuestra-empresa\/","title":{"rendered":"Nuestra Empresa"},"content":{"rendered":"<h2 style=\"text-align: center;\"><span style=\"color: #333333;\">Misi\u00f3n<\/span><\/h2>\n<p style=\"text-align: center;\"><span style=\"color: #333333; text-align: center;\">Prestar el servicio de mantenimiento preventivo, correctivo,\u00a0 alquiler y venta de equipos biom\u00e9dicos y odontol\u00f3gicos, suministro de repuestos y accesorios, Asesor\u00eda en adquisici\u00f3n de tecnolog\u00eda y Programas de calidad, Brindar a nuestros clientes productos de calidad con soporte t\u00e9cnico oportuno y eficaz.<\/span><\/p>\n<h2 style=\"text-align: center;\"><span style=\"color: #333333;\">Visi\u00f3n<\/span><\/h2>\n<p style=\"text-align: center;\"><span style=\"color: #333333; text-align: center;\">Ser en el 2018 una empresa reconocida por su excelente soporte t\u00e9cnico, suministro y alquiler de equipos biom\u00e9dicos de nuestra ciudad, adem\u00e1s de contar con herramientas t\u00e9cnicas y recurso humano formado en calidad, comprometido y responsable en su labor. <\/span><\/p>\n","protected":false},"excerpt":{"rendered":"<p>Misi\u00f3n Prestar el servicio de mantenimiento preventivo, correctivo,\u00a0 alquiler y venta de equipos biom\u00e9dicos y odontol\u00f3gicos, suministro de repuestos y accesorios, Asesor\u00eda en adquisici\u00f3n de tecnolog\u00eda y Programas de calidad, Brindar a nuestros clientes productos de calidad con soporte t\u00e9cnico oportuno y eficaz. Visi\u00f3n Ser en el 2018 una empresa reconocida por su excelente soporte &hellip; <\/p>\n<p class=\"link-more\"><a href=\"https:\/\/gtcsoluciones.com\/index.php\/nuestra-empresa\/\" class=\"more-link\">Continuar leyendo<span class=\"screen-reader-text\"> &#8220;Nuestra Empresa&#8221;<\/span><\/a><\/p>\n","protected":false},"author":1,"featured_media":0,"parent":0,"menu_order":0,"comment_status":"closed","ping_status":"closed","template":"","meta":{"footnotes":""},"_links":{"self":[{"href":"https:\/\/gtcsoluciones.com\/index.php\/wp-json\/wp\/v2\/pages\/107"}],"collection":[{"href":"https:\/\/gtcsoluciones.com\/index.php\/wp-json\/wp\/v2\/pages"}],"about":[{"href":"https:\/\/gtcsoluciones.com\/index.php\/wp-json\/wp\/v2\/types\/page"}],"author":[{"embeddable":true,"href":"https:\/\/gtcsoluciones.com\/index.php\/wp-json\/wp\/v2\/users\/1"}],"replies":[{"embeddable":true,"href":"https:\/\/gtcsoluciones.com\/index.php\/wp-json\/wp\/v2\/comments?post=107"}],"version-history":[{"count":30,"href":"https:\/\/gtcsoluciones.com\/index.php\/wp-json\/wp\/v2\/pages\/107\/revisions"}],"predecessor-version":[{"id":284,"href":"https:\/\/gtcsoluciones.com\/index.php\/wp-json\/wp\/v2\/pages\/107\/revisions\/284"}],"wp:attachment":[{"href":"https:\/\/gtcsoluciones.com\/index.php\/wp-json\/wp\/v2\/media?parent=107"}],"curies":[{"name":"wp","href":"https:\/\/api.w.org\/{rel}","templated":true}]}}